 of 352/h + (-16)/24.
2, 29
Let a be ((-18)/27)/((-4)/18) + 0. Suppose -a*p + 3*s + 12 = 0, -6*p = -8*p - 3*s + 28. Suppose 11*f - p*f - 213 = 0. List the prime factors of f.
71
Suppose 45*k + 9*k - 468653 = -106313. What are the prime factors of k?
2, 5, 11, 61
Suppose 8*a + 12*a = 2780. Let r = a - 27. What are the prime factors of r?
2, 7
Let p(c) = c**2 + 3*c + 3. Let i be p(-3). Suppose i*b - 27 = 33. List the prime factors of (-72)/b*(-80)/6.
2, 3
Suppose 3231*n - 45 = 3222*n. Suppose 2*v - 274 = 130. Suppose 3*d = -5*z + 116, -34 = n*d + 2*z - v. List the prime factors of d.
2
Suppose -38049 = -3*m + 31*b - 25*b, 0 = -2*m - 2*b + 25414. What are the prime factors of m?
3, 17, 83
Suppose 0 = -4*x + 18*x. Suppose x = 70*o - 68*o - 1140. List the prime factors of o.
2, 3, 5, 19
Let w = 39 - 22. Let l be ((-27)/(-2))/(w/136). Suppose o + 3*o = l. List the prime factors of o.
3
Suppose -29*c - 94846 = -40*c + 2372. What are the prime factors of c?
2, 3, 491
Suppose 32*k - 220534 = 190031 + 18747. What are the prime factors of k?
2, 3, 13, 43
Let m(v) = -200*v**3 + 3*v**2 + 2*v. Suppose -5*x + 6 + 4 = 0. Let g be m(x). List the prime factors of (1 + 11/(-3))*g/192.
2, 11
Let g = 44 - 18. Let w(x) = 64*x - 442. Let h be w(7). Let f = h + g. What are the prime factors of f?
2
Suppose 188389 = 14*m - 55639 - 57854. List the prime factors of m.
21563
Suppose -30 = 339*x - 337*x. Let g(s) = -49*s + 58. What are the prime factors of g(x)?
13, 61
Let h(t) = 670*t**2 - 50*t - 218. List the prime factors of h(-5).
2, 3, 2797
Let b(x) = 7*x**3 - 4*x**2 + 20*x - 64. What are the prime factors of b(10)?
2, 421
Let t(a) = -2*a**3 + 3*a**2 + 2*a + 7. Let n be t(-4). Suppose -5*o + n + 525 = 0. Suppose -3*q - 4*i = -q - o, 4*q + 5*i = 286. List the prime factors of q.
2, 37
Let g = 1842 + -674. Suppose g - 20 = 5*c - 3*p, 16 = 4*p. What are the prime factors of c?
2, 29
Let s = -1130 - -7401. List the prime factors of s.
6271
Let g(h) = -196*h - 650. What are the prime factors of g(-15)?
2, 5, 229
Suppose -8*x + 123 = -109. Suppose 0 = 9*t - 119 + x. Suppose -t*u + u = -1710. List the prime factors of u.
2, 5, 19
Let t be ((-100)/4 + 3)*33/6. Let c = 127 + t. Let o(u) = -u**3 + 8*u**2 + 4*u - 15. What are the prime factors of o(c)?
3
Suppose -4*i - 64 - 352 = 0. Suppose -w - 654 = 2*w. Let o = i - w. What are the prime factors of o?
2, 3, 19
Suppose 5*m = -5*b + 80, -4*b - 7*m + 64 = -9*m. Suppose -b*j + 8010 = 634. List the prime factors of j.
461
What are the prime factors of -3*8/(10 - (10 + -6)) + 12167?
12163
Suppose 527*u = 492*u + 199465. What are the prime factors of u?
41, 139
Let u be 3*-36*((-35)/(-10) + -4). List the prime factors of 18840/u - (-12)/108.
349
Let f = 41509 + -22952. What are the prime factors of f?
7, 11, 241
Let s be (-81195)/65 - 5/((-325)/10). Let h = s - -1972. List the prime factors of h.
3, 241
Let v = -2 - -6. Suppose 5*y - 6*y + v = 0. Let x = 126 - y. What are the prime factors of x?
2, 61
Suppose 0 = 10*m + 24 - 34. Let z be 6 + -11 + 1/m + -21. Let o(k) = 2*k**2 + 49*k + 14. What are the prime factors of o(z)?
3, 13
Let f(p) = 70*p - 104. Let i(g) = 35*g - 52. Let t(m) = 6*f(m) - 13*i(m). What are the prime factors of t(-11)?
19, 23
Let y = 2754 - 877. List the prime factors of y.
1877
List the prime factors of (270/72)/(6/24008).
5, 3001
Let f(m) = 6*m**3 + 6*m**2 - 2*m + 2. Let u(t) = 5*t**3 + 5*t**2 - t + 2. Let g(d) = 6*f(d) - 7*u(d). List the prime factors of g(6).
2, 5, 11
Let n be (-119)/(-21) + 6/(-9). Suppose 0 = -8*g + n*g + 993. List the prime factors of g.
331
Let b = 28346 - 16812. List the prime factors of b.
2, 73, 79
Let m = 12 - 18. Let t be (-18)/(-21)*(-28)/m. What are the prime factors of 0 - (t + 49/(-2)*10)?
241
Suppose 5*j - 2*o = o + 81, -2*o = 4. What are the prime factors of ((-920)/j)/((-2)/24)?
2, 23
Let v be ((-4)/12)/(-3 - 40/(-12)). List the prime factors of (111 - (-1 + 5)) + v.
2, 53
Suppose 85 = 2*d + f, -3*f = 2*d + 42 - 129. Suppose d*u - 3080 = 35*u. List the prime factors of u.
2, 5, 11
Suppose -g + 4 + 465 = 0. Let s = g - -233. List the prime factors of s.
2, 3, 13
Let z = 28 + -24. Suppose 7*j - 1389 = z*j. What are the prime factors of j?
463
Suppose -2119*y = -2082*y - 1495614. List the prime factors of y.
2, 3, 6737
List the prime factors of 2665/(-26)*(1 + 1756/(-20)).
7, 31, 41
Let y = 39 + -94. Let v = y - -55. Suppose 5*r - 2*w - 317 - 240 = v, 219 = 2*r + 3*w. What are the prime factors of r?
3, 37
Let h = 88 + -56. Let y = 40 - h. Suppose -5*i - 194 = -y*i + u, -2*i + 134 = -3*u. What are the prime factors of i?
2
Let y = -95 - 83. Suppose 391 + 203 = -6*c. Let z = c - y. List the prime factors of z.
79
Suppose 0 = p - 260 - 371. Let a = p + -317. List the prime factors of a.
2, 157
Let u(r) = r**3 - 2*r**2 + 4. Let g be u(2). Suppose -i - 62 + 652 = 3*d, 610 = 3*d - g*i. What are the prime factors of d?
2, 3, 11
Suppose -26*l = -24*l - n - 21198, -4*n + 52982 = 5*l. What are the prime factors of l?
2, 7, 757
Let w be (-25)/20 + 2/8 + 2. Let z(v) = -30*v**2 - v. Let i be z(w). Let t = 107 + i. List the prime factors of t.
2, 19
Suppose -76611 = -105*m + 645264. List the prime factors of m.
5, 11
Suppose 2*y + 4*x + 692 = 1934, -4*y = -2*x - 2474. Suppose 8*n + y - 43 = 0. Let v = 136 + n. What are the prime factors of v?
2
Suppose 8*a - 666 = -50. Let w = a - 66. Suppose 2*m = w*m - 2520. List the prime factors of m.
2, 5, 7
Suppose 0 = 15*j + 3*j + 6*j - 61608. What are the prime factors of j?
17, 151
Let q(z) = 595*z**2 + 49*z + 536. What are the prime factors of q(-10)?
2, 19, 1567
Suppose -2*h = -2*a + 10214, -205*a + 207*a + 2*h - 10238 = 0. What are the prime factors of a?
5113
Suppose -46*d + 127949 = -97451. What are the prime factors of d?
2, 5, 7
Let h = 1879 - 551. List the prime factors of 3*h/36*6.
2, 83
Let q = 34825 - 19386. List the prime factors of q.
15439
Suppose -938 = -3*b - 4*x, -4*b + 16*x = 12*x - 1288. What are the prime factors of b?
2, 3, 53
Let o(w) = -32*w - 4. Suppose -3*h = 31 - 19. Let q be o(h). Suppose 4*m + q = 5*v - 72, -3*m + 43 = v. List the prime factors of v.
2, 5
Suppose -6*o + 20 = 4*o. Suppose 0 = o*a, 5*a + 575 = 5*l + 3*a. Let s = l + -76. List the prime factors of s.
3, 13
Let d = 161 - 142. Let h(n) = n**3 - 20*n**2 + 18*n + 21. Let r be h(d). Suppose 0 = r*w - 174 - 112. List the prime factors of w.
11, 13
Suppose -2*o = -0*o + s + 2588, 0 = -2*o - 5*s - 2572. Let q = 1988 + o. List the prime factors of q.
2, 173
Let p be (-12)/(-8) + (-3)/6. List the prime factors of 13314/252 - -1*p/6.
53
What are the prime factors of (-26918)/(-4) + 11/(-2) + 4?
2, 29
Let z = 20 - 16. Let t be (-5 - -2) + z - -77. Suppose y - t = -2*y. What are the prime factors of y?
2, 13
Let n(q) = -170*q**2 - 17*q + 18. Let u(l) = 254*l**2 + 25*l - 27. Let t(h) = 7*n(h) + 5*u(h). What are the prime factors of t(2)?
17, 19
Suppose 0*k - 5*k - 3*s + 41 = 0, 5*k - 38 = -4*s. What are the prime factors of ((-4)/k)/(4/(-4140))?
2, 3, 23
List the prime factors of 5 + (2078 - 40/8 - 2).
2, 3, 173
Let t be (-7 + 2)/(16/(-4) - -3). Suppose 1 = 2*w + l - 3, 2*l + 10 = t*w. What are the prime factors of (-195)/(((-6)/4 + w)*-2)?
3, 5, 13
Let p(t) = 4*t - 26. Let o be p(7). Suppose -o*k + 3*v + 896 = 0, -5*v = 5*k - 742 - 1523. What are the prime factors of k?
11, 41
Suppose 3*q + 42 = 5*s, -14 = q - 3*s + 5*s. Let n = -8 - q. What are the prime factors of 2/(n/153) - -2?
53
Let h be ((-27)/(-18))/(1/2). Suppose 0 = h*v + 3*j - 840, 0 = -3*v - 3*j + 7*j + 868. List the prime factors of v.
2, 71
Let y = 4436 + 4084. What are the prime factors of y?
2, 3, 5, 71
Let u(p) = 12*p - 145. Let w be u(20). Suppose w*c - 100*c = -1845. What are the prime factors of c?
3, 41
Let v(b) = -18*b**3 - 14*b**2 + 13*b + 231. List the prime factors of v(-9).
2, 3, 2017
Let x(u) = -3*u**3 + 4*u**2 + 2*u - 7. Let y be x(3). Suppose -q - 3*h = -137, -2*h = 5*q - 4*h - 617. Let j = q + y. List the prime factors of j.
79
Let t(h) = h**2 - 5*h - 6. Let s be t(6). Suppose s = -o + 564 - 108. Suppose 10*i - o = 6*i. What are the prime factors of i?
2, 3, 19
List the prime factors of (-6)/(18/(-5777))*3.
53, 109
Let g = -6858 - -18507. What are the prime factors of g?
3, 11, 353
Let 